 = 3*x + 98. What is the tens digit of 5 - (-5 - (-264)/(x/(-2)))?
9
Suppose 4*b - 20 = 2*x - x, -3*x - 3*b + 15 = 0. Suppose 52*s - 62*s + 3820 = x. What is the tens digit of s?
8
Let l(r) = 29 + 40*r**2 - 42 - 37*r**2 - 129 - 87. What is the hundreds digit of l(19)?
8
Let o(y) = -2*y**2 - 9*y - 6. Let q be o(-3). What is the units digit of 2/(-8)*(735 - q)/(-3)?
1
What is the thousands digit of (-2)/(27/99468*-1*1)?
7
Suppose -9*t + 3*t = -162. Suppose -t*m + 839 = -430. What is the tens digit of m?
4
Let d(v) = -v**3 + v**2 + 2*v - 3. Let k be d(0). What is the tens digit of k/(-7) + 1440/70?
2
Let d = -533 - -1967. What is the hundreds digit of d?
4
Let u(x) = -4*x - 3. Let n be u(-1). Let b be (-22)/(-242) - 2/22. Suppose -i + 4*m - n - 3 = b, 0 = -2*i + 3*m + 7. What is the units digit of i?
8
Let q = 47 - 36. Suppose 0 = q*f + 397 - 34. What is the tens digit of (-6672)/f + 8/(-44)?
0
Let h = 2 - 0. Suppose h*r - 60 - 166 = 0. What is the tens digit of r?
1
Let m(l) = 2400*l**3 + 12*l**2 - 50*l + 72. What is the thousands digit of m(3)?
4
Let s(l) = 34*l**2 - 28 + 104*l**2 + 27. What is the units digit of s(-1)?
7
What is the thousands digit of 498/(16/(8448/36))?
7
Let c(h) = 11*h - 11. Let t(b) = -3*b**2 + 40*b + 31. Let f be t(14). What is the units digit of c(f)?
2
Let h be 22/5 + 76/(-190). Suppose -9*b + 4*b = 4*o - 72, -h*b = 5*o - 99. What is the units digit of o?
3
Let p = 18072 + -6713. What is the hundreds digit of p?
3
Let i(h) = -152*h - 29. Let d = -656 - -651. What is the units digit of i(d)?
1
Let t be (-28)/8 - ((-35)/(-10) - 3). Let r(n) = -26*n**3 + 13*n**2 + 5*n + 25. What is the units digit of r(t)?
7
Suppose 35187 = 14*m + 35159. Let w(o) = -7*o**3 + o. Let v be w(-1). Suppose -3*c = v, -5*l = -5*c + m*c - 866. What is the hundreds digit of l?
1
Suppose z - 2*a = -6*a - 8, -5*z + 14 = 2*a. Let h be 2/z*(-6)/(-5)*335. Suppose 5*b - 49 - h = 0. What is the tens digit of b?
5
Suppose -t = -9*t. Suppose 3*h + t*k + 16 = -5*k, -2*k = 5*h + 14. Let o(r) = -19*r + 4. What is the tens digit of o(h)?
4
Suppose -30*j + 15*j = -2880. Let y = j - -269. What is the tens digit of y?
6
Let h(q) = 11*q - 3*q**3 + 1 - 165*q**2 + 171*q**2 + 2*q**3. What is the units digit of h(6)?
7
Suppose -2*w = -18*w + 4912. Let k = w + -88. What is the tens digit of k + (100/4)/5?
2
Suppose -5*i - 224*l = -221*l - 172733, 3*i + l = 103643. What is the units digit of i?
9
Suppose -8*u + 40393 - 21217 = 0. What is the thousands digit of u?
2
Let n(x) = -2*x**3 - x - 2. Let m be n(2). Let l = -24 - m. Let c(b) = -b**3 - 4*b**2 + 1. What is the units digit of c(l)?
1
Suppose 287*g - 278*g - 36 = 0. Suppose -t + 478 = -w, -334 - 616 = -2*t - g*w. What is the units digit of t?
7
Suppose 12 = 5*f + 2. Let q(k) = 18*k**f - 16*k - k**2 + 0*k**3 - k**3 + 12 + 0*k**3. What is the tens digit of q(16)?
1
Let l(n) = n**3 + n**2 + 54. Let b be l(0). Let v(t) = -2*t**3 + 11*t**2 + 2*t + 48. Let d be v(6). Suppose d + b = m. What is the tens digit of m?
7
Let p be 3*(-5 + 11)*8/3. Let j = -45 + p. What is the units digit of (j/3)/1 + -4 + 42?
9
Let v be (-5612)/23*(-46)/8. Suppose 4*z - 4077 = v. What is the hundreds digit of z?
3
Let j = -94 - -116. Suppose 0 = 5*p + 2*d - 4318, 3*p = -p - d + 3455. Suppose j*z = 18*z + p. What is the units digit of z?
6
Suppose 8*f + 7*z - 5*z - 191404 = 0, 119623 = 5*f - z. What is the units digit of f?
5
Let i be (-217)/(-21) - -3 - (-1)/(-3). Let y = -17 - i. What is the units digit of (10 - 0)*(-1)/4*y?
5
Let g(y) = 16*y**2 - 748*y - 82. What is the units digit of g(-41)?
2
Let h(u) = -12*u**3 - 200*u - 14. What is the thousands digit of h(-15)?
3
Let c(m) = 5*m**3 + 88*m**2 - 12*m + 12. What is the units digit of c(-17)?
3
Let q be 2514/4 - 12/8. Let f = q + -249. What is the hundreds digit of f?
3
Let i(l) be the second derivative of -44*l**3/3 + 76*l**2 - 20*l. What is the units digit of i(-3)?
6
What is the ten thousands digit of (-3129127)/(-184) - -1 - ((-15)/8 - -2)?
1
Suppose 5*l - 18 = -4*t, -5 = -l - 2*t + 1. Suppose 4*o - l*z + 22 = 0, 3*z = -5*o - 2*z + 10. What is the tens digit of 867/34*(-14)/o?
1
What is the hundreds digit of ((-3)/(-9) + 3)/((-256)/(-3461760))?
0
Suppose 4*y - 16492 = -2*h, 3*y - 3746 + 45041 = 5*h. What is the hundreds digit of h?
2
Suppose 5*g - 1777 - 3773 = -5*h, -4*h + 4*g + 4456 = 0. What is the tens digit of h?
1
Suppose -9*f = f - 40. Suppose 0 = f*t + 4*i - 1156, 2*t + i - 519 - 57 = 0. What is the hundreds digit of t?
2
Suppose 2*a - 4 = -2*s, -3*s = -5*a + s + 37. Suppose -u = -3*n + 292, -8*n - a*u + 76 = -7*n. What is the tens digit of n?
9
Let u = -4354 + 7170. What is the tens digit of u?
1
Let s(k) = -190*k**2 - k**3 + 4 - 2*k + 179*k**2 + 3*k. Let j be s(-11). What is the units digit of ((-1)/((28/32)/j))/2?
4
Let x(b) = b**2 - 6*b - 43. Let v be x(-4). Let t(l) = -4*l**3 - 9*l**2 - l + 1. What is the units digit of t(v)?
1
What is the thousands digit of (-731)/(-68)*696 + (-2)/2 + 2?
7
What is the tens digit of 4216/(-238)*3010/(-4)?
3
Suppose -3*m + 7*m - 24 = 0. Suppose -m*t - 4*a - 8 = -t, 2*a + 4 = 0. Suppose -5*f + 58 + 62 = t. What is the units digit of f?
4
Let i(u) = 10*u + 5 - 32*u - 25 - 10*u. Let h be i(-6). Let a = 303 - h. What is the units digit of a?
1
Let y(p) = -26*p + 45*p - 17*p - 122. Let m be y(0). Let n = 222 + m. What is the units digit of n?
0
Let x = -385 - -494. Suppose 79 = 4*i - x. What is the units digit of i?
7
Let d(z) = -8*z**3 - 6*z - 11. Let n be d(-3). Suppose 2009 = 3*f - n. What is the tens digit of f?
4
Suppose -48*q = -671981 + 44525. What is the hundreds digit of q?
0
Suppose -565*v + 559*v = 4368. Let z = -178 - v. What is the units digit of z?
0
Suppose 3*m + 8201 - 67546 = -l, -5*m + 98913 = l. What is the thousands digit of m?
9
Let x(d) = 91*d**3 - 13*d**2 + 8*d - 9. What is the tens digit of x(2)?
8
Let t be 5/5 + -7 - -4. What is the tens digit of (-4 - -250) + 0 + -4 - t?
4
Let f be (-3 + (-93)/12)*(-24)/6. Suppose -f = -4*w - 11. Suppose -1962 = -r - w*r. What is the hundreds digit of r?
2
Let w(v) = 2*v + 24. Let n be w(-6). Suppose -24*i + 6288 = -n*i. What is the tens digit of i?
2
Suppose 7*v - 4*b = 2*v + 132, -2*v - 5*b = -66. Suppose -v*r - 15*r = -35131. What is the tens digit of r?
1
Let p(w) = -35*w + 1064. Let u be p(30). Suppose 0 = -3*h + 24 + 12. What is the tens digit of (h/u)/((-8)/(-560))?
6
Let k = 42 - 38. Suppose -k*f - 32 = -0*f. Let z(h) = -h**3 - 9*h**2 - 11*h - 7. What is the units digit of z(f)?
7
Suppose 0 = 5*o - 30, -5*q = -1307*o + 1305*o - 129183. What is the units digit of q?
9
Let d(s) = -s**2 - 21*s - 21. Let k(q) = -q**2 - 22*q - 21. Let y(f) = 5*d(f) - 4*k(f). What is the units digit of y(-5)?
9
Let c(d) = -3518*d**3 + 7*d**2 - 5*d - 28. What is the hundreds digit of c(-2)?
1
Suppose 5*u = -4*a + 5, 5*a - 1 = -3*u + 2. Suppose -5*f = -0*m + 3*m - 3856, a = 2*f + 2*m - 1544. What is the hundreds digit of f?
7
Let x(z) = 2*z + 8. Let j be x(10). Let y = j - 165. What is the tens digit of 6/(-4)*(-72)/(-27) - y?
3
Suppose -4*w = -20 - 44. Let d = 8 - w. What is the tens digit of (d/8)/((-2)/100)?
5
Let m(t) = -t**2 - 10*t - 9. Let d be m(-9). Suppose 2*b - 4*b + 892 = d. What is the hundreds digit of b?
4
Suppose -15 = 5*g, -4*m + 9654 = -2*g - 3520. What is the thousands digit of m?
3
Suppose s - 6 = -3*v + 1, s = -5*v + 9. Let x(k) = -k**2 - 15*k - 26. Let m be x(-5). What is the tens digit of (19/((-38)/m))/(v/(-2))?
2
What is the thousands digit of (-8)/(-6) - ((-256424)/9 + 12/(-108))?
8
What is the thousands digit of ((-2)/(-10) - (-1394)/(-70))/(172/(-227556))?
6
Let j(h) be the second derivative of 73*h**3/2 + 19*h**2/2 - 79*h. What is the hundreds digit of j(1)?
2
Suppose 5*t + 5*z - 10705 = 0, -5*t - 6*z = -2*z - 10709. Let s = t - 1461. What is the hundreds digit of s?
6
Suppose -51*r - 5 = -46*r. Let w(z) = -458*z**3 + z**2 + z + 2. What is the hundreds digit of w(r)?
4
Suppose -4*i - 8 = 0, 0 = -c + 7*i - 2*i + 14. Suppose -3*k = c*h - 3*h - 5021, 2 = -2*h. What is the tens digit of 8/20 - k/(-15)?
1
Let t(w) = -27 + 10*w - w**2 + 2*w + 5*w. Let r be t(15). Suppose 6 = -2*l, -5*b + 477 = -2*l + r*l. What is the units digit of b?
6
Let j = 4 + -18. Let i(n) = -n**3 - 14*n**2 